uppose 0 = -3*p - d + 2*d + 29, 4*p = d + 39. Suppose p*x - 1339 = 6771. What is the units digit of x?
1
Suppose -7*v + 29612 + 6641 = 0. Suppose -v = -6*s - 343. What is the units digit of s?
6
Suppose -19*t = -102717 - 34330. What is the hundreds digit of t?
2
Suppose 849 = 2*w + w. Suppose -c + 481 = -w. What is the tens digit of c?
6
Let j = -22248 - -37065. What is the hundreds digit of j?
8
Suppose -8*z + 10*z - 25926 = 4*x, -3*x + 2*x = 0. What is the ten thousands digit of z?
1
Let f(l) be the second derivative of 49*l**4/4 + l**3/6 + l**2/2 - 2*l - 32. What is the units digit of f(-1)?
7
Suppose 3*n = -2*p + 121005, 5*n - 1197*p + 1194*p = 201675. What is the units digit of n?
5
Suppose 1839 = 5*z - 3*r, 11*r = -z + 7*r + 377. Suppose -c = 2*d - 319, -2*c = -2*d - z - 263. What is the tens digit of c?
1
What is the hundreds digit of 6045 - (-11)/(121/176)?
0
Let m = 29 + 27. Let k = m - 56. Suppose k = -0*o - 2*o + 140. What is the tens digit of o?
7
Let l(u) = 26*u + 218. Let b be l(-8). Suppose 3*p = -15, -14*g + 4*p + 5764 = -b*g. What is the units digit of g?
6
Let q(k) = -10*k - 57. Suppose o = -5*g - 9 - 15, 5*o = 2*g - 39. Let n be 1 + -2 - o*21/(-9). What is the hundreds digit of q(n)?
1
Suppose 2*u - 30032 = -3*p, 9*p - 3*u + 50055 = 14*p. What is the tens digit of p?
1
Let z(b) = 35*b - 244. Let d be z(7). What is the units digit of ((-1)/d + 2)/((-28)/(-140))?
5
Let w = 28 + -26. Suppose -1352 = -2*x - x + 2*d, 902 = w*x - 2*d. What is the tens digit of x?
5
Suppose 3*b = -2*n + 105, 0 = n - b - 0*b - 40. Suppose -d - 4*r - n = -2*r, 168 = -4*d - 2*r. Let o = 76 + d. What is the units digit of o?
5
Let q be (-2)/8 + 9526/(-8). What is the units digit of 9/(18/(-4))*q/6?
7
Let j = 367 - 750. Let f = 323 + -317. What is the hundreds digit of f/(-9) - j/3?
1
Let g = 3312 - 2024. What is the units digit of g?
8
Suppose 6*i = 2*i + 4*c - 288, 0 = -c - 2. Let m = i - -124. Suppose -76 = -7*g + m. What is the units digit of g?
8
Suppose 5*c + 7 = 3*x, -2*x + 4*c + 29 = 3*x. Let g(f) = -f**3 - 10 + 4*f**2 - x*f + 2*f**2 - 18*f + 38*f. What is the units digit of g(7)?
8
Let j be 155/20*-1*-8. Suppose y - j = 19. What is the units digit of y?
1
Let w(v) = 6*v**2 - v - 37. Let k be w(24). Suppose -27*h + 15 = -30*h, 3*o - 4*h - k = 0. What is the units digit of o?
5
Suppose 13*w + 38454 = 19*w. Suppose 0 = -13*l + w + 8008. What is the thousands digit of l?
1
Suppose 5*a + 2*f + 48 = 314, 0 = -a + 3*f + 43. Let m be (-1 - (-96)/a) + 8/52. What is the units digit of m/(-3)*0 + (-1110)/(-5)?
2
Suppose -3*r = 5*r - 6480. What is the tens digit of r/63*112/12?
2
Let w = -1729 + 1734. Let n(c) = 4. Let f(p) = -p. Let j(q) = -10*f(q) - n(q). What is the units digit of j(w)?
6
Let b = 24 - 4. Suppose -m + 2 = -5*q, 6 = 3*m - 0*m - 5*q. Suppose -4*v - b = 0, 4*n - 5*n + 102 = -m*v. What is the units digit of n?
2
Let f(g) = g**3 + 11*g**2 + 21*g - 3. Let l be f(-9). Let h = -28 - l. Suppose -3*n + 3*m = -0*n - 318, -h*n + 212 = -3*m. What is the hundreds digit of n?
1
Let i(t) = 4*t**2 + t - 15. Let n be i(6). Let g be (3/9)/(3/n). Suppose -c + 3*o = 6*o - 78, -5*o = g. What is the units digit of c?
7
Let d(o) = 456*o - 58. Let v be d(2). Suppose -v = 4*y + 2*z - 3436, 4*y + 5*z - 2579 = 0. What is the tens digit of y?
4
What is the ten thousands digit of (15 - 5773/92)/((-2)/1144)?
2
Let o be 1170/22 + (-16)/88. Let x = o + -20. Suppose -6*t + x = -207. What is the units digit of t?
0
Let b = 112 + -119. Let z(r) = 2*r**2 + 4*r + 5. What is the tens digit of z(b)?
7
Let a(t) = -3*t**3 - 49*t**2 + 5*t - 411. What is the hundreds digit of a(-23)?
0
Let q(w) = 36*w - 117. Let h be q(4). Suppose 1577 = -h*k + 7598. What is the units digit of k?
3
Let x(d) = -d**3 - 45*d**2 + 95*d + 68. Let j be x(-47). Let l(i) = 28*i + 164. What is the units digit of l(j)?
2
Let s(p) = -10*p**3 + 35*p**2 - 56*p - 90. Let l(b) = 7*b**3 - 24*b**2 + 37*b + 60. Let i(v) = -7*l(v) - 5*s(v). What is the hundreds digit of i(11)?
7
Suppose -10*w + 25698 = -3042. Let y = w - 1673. What is the hundreds digit of y?
2
Suppose 51 = -3*x + 6. Let h be (18/x)/((-9)/30). Suppose -71 = -q + h. What is the units digit of q?
5
Suppose -3*o - 5*a = -39458, -37*o + 5*a = -41*o + 52624. What is the units digit of o?
6
Let n(t) = -t**2 - 13*t - 37. Let q be n(-9). What is the tens digit of (q + 126)*28/35?
0
Let c(s) = 7*s**2 + 2*s + 2. Let m be c(-1). Let z be (-2)/(-5) - ((-4315)/25 - m). Let o = 360 - z. What is the tens digit of o?
8
Let o = 14 + -14. Let y(p) = -10*p - 10 + o*p + 4*p. What is the units digit of y(-19)?
4
Suppose 3*o - s = 1463, 4*o - 5*s = o + 1483. Let k = 690 - o. What is the tens digit of k?
0
Suppose -5*a + 3*q + 3134 = -36275, 7881 = a - q. What is the units digit of a?
3
Let i be (-2)/(-9) - 817/(-171). Let j(b) = 0 - 5 + 3*b + 4*b - i*b. What is the tens digit of j(9)?
1
What is the hundreds digit of (32 - -239)/((-2)/(-30))?
0
Suppose -5*a - 39304 = -2*h, 0 = h + 333*a - 334*a - 19646. What is the hundreds digit of h?
6
Suppose 20*o = 10*o + 16878 + 46532. What is the units digit of o?
1
Suppose 3 - 9 = 6*h. Let p(i) = i. Let z(y) = -3*y - 5. Let m(t) = h*z(t) + 5*p(t). What is the units digit of m(2)?
1
Suppose 2*j + 4329 = b, -4*j + 447 = 2*b - 8259. What is the units digit of b?
1
Suppose 2252 = 5*t - 3*g + 4*g, 2*g - 4 = 0. Let r = t + -313. What is the tens digit of r?
3
Let k be 2 + (-4)/(-4) - 18. Suppose -4*t = -12, 0*t - 428 = -2*g + 2*t. Let z = g + k. What is the hundreds digit of z?
2
Let l = 66815 + 9837. What is the tens digit of l?
5
Suppose 21*m - 23*m = 372. Let b = m - 28. Let g = -130 - b. What is the tens digit of g?
8
Let y(c) = -2*c**3 + 10*c**2 - 4*c + 14. Suppose -7 = 4*z + 5*m - 10, 4*m + 41 = 3*z. Let h be y(z). Let f = h + 420. What is the units digit of f?
0
Let h(y) = -29*y - 57. Let a be h(-10). Let s = a - 204. What is the units digit of s?
9
Let a = 1474 + 17935. What is the ten thousands digit of a?
1
Let a be 13/3 - 2/6. Let s(y) = 22*y - y**2 + 19*y + 2*y**3 + 14*y - 53*y + 9. What is the units digit of s(a)?
9
Let n(s) = 13477*s + 2804. What is the units digit of n(3)?
5
Suppose 6*z = 4*z - 114. Let o(c) = -c**2 - 43*c - 396. Let m be o(-14). What is the units digit of 3/(15/m) - z?
9
What is the units digit of 33950 + 19/((-399)/84)?
6
Let u(k) = 60*k - 67. Let f be u(19). Let q = f + -505. What is the hundreds digit of q?
5
Suppose 243*q = -1416085 + 6631837. What is the hundreds digit of q?
4
What is the units digit of 12/32 - (-5)/(-2)*42606/(-120)?
8
Let m(p) = -p**2 - 30*p - 35. Let i be m(-29). What is the units digit of 1*(i + 1247 - -5)?
6
Let o = 11215 + -2597. What is the tens digit of o?
1
What is the thousands digit of 40/4 - (-1266 + -6)?
1
Let a be (-10)/(-25) + 113315/25. Suppose -10*h + a - 853 = 0. What is the hundreds digit of h?
3
Let p = -6146 - -15006. What is the units digit of p?
0
Let y(s) = s**3 + 12*s**2 + 19*s. Let b be y(-5). Suppose -78*j - 40 = -b*j. What is the units digit of j?
0
Let j be (-3)/12 + 21/4. Let l be (-4)/20 - (-26)/j. Suppose -35 - 85 = -l*d. What is the units digit of d?
4
Let z = 581 - 582. What is the tens digit of 973 - (-5 - -7)*z?
7
Suppose -4*t = 4*w - 20, 3*t - 29 = w - 14. What is the tens digit of (t/30*-3812)/((-6)/9)?
5
Let j be ((-18)/30)/(15/(-100)). Suppose -5*u + 1865 = -3*c - 1991, -j*u + 2*c + 3084 = 0. What is the tens digit of u?
7
Let d(h) = 3*h**2 - 7*h + 10. Let w be (-6)/4*(20 - 18). Let i(n) = -n + 2. Let y be i(w). What is the units digit of d(y)?
0
Suppose r - 6 = 5*z - 6*z, -2*r + 10 = 0. Let t be (6/15)/(z/10). Suppose -5*i = -t*s - 39, -2*s = 5*i + 3*s - 75. What is the tens digit of i?
1
Let p(i) = -i**3 - 47*i**2 + 45*i - 140. Let z be p(-48). What is the units digit of 9 - (-2 + (-1518 - z))?
3
Suppose 37*h - 715 = -197. Suppose -i + h*i = 4706. What is the tens digit of i?
6
Suppose -4*c = 3*k - 8, 0*c - 3*k = c - 2. Suppose 177 = -c*a + 449. What is the tens digit of a?
3
Suppose 0 = 34*w - 414267 - 132725. Suppose 0 = 34*m - 33484 - w. What is the hundreds digit of m?
4
Suppose -1349 = -5*i + 1201. Let y = 150 + i. What is the tens digit of y?
6
Let s be 20/(-12)*3 - -103. What is the hundreds digit of 42/s + (-19840)/(-28)?
7
What 